{"id":453,"date":"2017-10-22T16:47:10","date_gmt":"2017-10-22T16:47:10","guid":{"rendered":"https:\/\/yogaathome.de\/?page_id=453"},"modified":"2025-05-06T17:37:27","modified_gmt":"2025-05-06T15:37:27","slug":"dein-yogalehrer-kommt-zu-dir","status":"publish","type":"page","link":"https:\/\/yogaathome.de\/","title":{"rendered":"yoga&#038;ayurveda at home"},"content":{"rendered":"\n<p class=\"has-medium-font-size\"><strong>Die Idee<\/strong><\/p>\n\n\n\n<p><\/p>\n\n\n<div class=\"yj6qo ajU\">\n<div id=\":o3\" class=\"ajR\" tabindex=\"0\" role=\"button\" data-tooltip=\"Vollst\u00e4ndigen Inhalt anzeigen\" aria-label=\"Vollst\u00e4ndigen Inhalt anzeigen\">\n<p><strong>Hallo und herzlich Willkommen! <\/strong><span style=\"color: #008000;\">(for english scroll down please)<\/span><\/p>\n<p>Ich heisse Christine D\u00f6ring, bin professionelle Hatha Yogalehrerin und biete Yogaunterricht in einem etwas anderen Stil an:<\/p>\n<p>im &#8222;One on One&#8220; Training und in Deinen eigenen 4 W\u00e4nden, das heisst, ich komme zu Dir nachhause, wenn Du in Potsdam oder Berlin lebst, um dort mit Dir zu praktizieren. Gern k\u00f6nnen wir f\u00fcr den Unterricht einen Ort in der Natur finden, wie zum Beispiel im Garten, an einem See o.\u00e4.<\/p>\n<p>Dabei ist es v\u00f6llig egal, wie alt Du bist, ob Du mit Yoga startest oder schon Erfahrungen hast. Bei mir bekommst Du ein individuell auf Deine Situation abgestimmtes Asana Training, das Dir zu mehr k\u00f6rperlich&amp;geistiger Flexibilit\u00e4t verhelfen kann und Dir den Weg zu Gelassenheit und Zufriedenheit bahnt.<\/p>\n<p>Gern kannst Du mit Deinem Partner\/deiner Partnerin zusamenn trainieren.<\/p>\n<\/div>\n<div id=\":o3\" class=\"ajR\" tabindex=\"0\" role=\"button\" data-tooltip=\"Vollst\u00e4ndigen Inhalt anzeigen\" aria-label=\"Vollst\u00e4ndigen Inhalt anzeigen\">\n<p>Hab`ich Dein Interesse geweckt? Dann vereinbare jetzt eine Probestunde:<\/p>\n<p><strong>Mobil: 0163 96 294 12 <\/strong><\/p>\n<p><strong>email: rupiniyoga@gmail.com<\/strong><\/p>\n<p>Ich freue mich daruf, Dich zu begleiten.<\/p>\n<p>weitere Infos: <a href=\"https:\/\/www.facebook.com\/yogaathome.de\/\">www.facebook.com\/yogaathome.de<\/a><\/p>\n<p><span style=\"color: #008000;\">Wellcome everyone! <\/span><\/p>\n<p>My name is Christine D\u00f6ring, I am a professional Hatha Yoga teacher and offer Yoga classes in a slightly different style:<\/p>\n<p>&#8222;One on One&#8220; training and in your own 4 walls, which means I come to your home if you live in Potsdam or Berlin to practice with you there. We are happy to find a place in nature for the lessons, for example in the garden, at a lake or similar.<\/p>\n<p><br \/>It doesn&#8217;t matter how old you are, whether you are starting with yoga or already have experience. With me, you will receive an asana training individually tailored to your situation, which can help you to achieve more physical and mental flexibility and pave the way to serenity and contentment.<\/p>\n<p>You are welcome to train together with your partner.<br \/>Have I aroused your interest? Then call me for a <br \/>Trial lesson: <br \/>Send an email to: <strong>rupiniyoga@gmail.com<\/strong><br \/>I am looking forward to accompany and support you!<\/p>\n<p>www.facebook.com\/yogaathome.de<br \/>\u00a0<\/p>\n<\/div>\n<\/div>\n<div class=\"yj6qo ajU\">\n<p><strong>\u00a0<\/strong><\/p>\n<p><strong><img loading=\"lazy\" decoding=\"async\" class=\"wp-image-283 aligncenter\" src=\"https:\/\/yogaathome.de\/wp-content\/uploads\/2017\/09\/yoga-at-home_logo-1-300x300.jpg\" alt=\"\" width=\"208\" height=\"208\" srcset=\"https:\/\/yogaathome.de\/wp-content\/uploads\/2017\/09\/yoga-at-home_logo-1-300x300.jpg 300w, https:\/\/yogaathome.de\/wp-content\/uploads\/2017\/09\/yoga-at-home_logo-1-150x150.jpg 150w, https:\/\/yogaathome.de\/wp-content\/uploads\/2017\/09\/yoga-at-home_logo-1-768x768.jpg 768w, https:\/\/yogaathome.de\/wp-content\/uploads\/2017\/09\/yoga-at-home_logo-1.jpg 874w\" sizes=\"auto, (max-width: 208px) 100vw, 208px\" \/><\/strong><\/p>\n<p>\u00a0<\/p>\n<\/div>","protected":false},"excerpt":{"rendered":"<p>Die Idee Hallo und herzlich Willkommen! (for english scroll down please) Ich heisse Christine D\u00f6ring, bin professionelle Hatha Yogalehrerin und biete Yogaunterricht in einem etwas anderen Stil an: im &#8222;One on One&#8220; Training und in Deinen eigenen 4 W\u00e4nden, das heisst, ich komme zu Dir nachhause, wenn Du in Potsdam oder Berlin lebst, um dort &hellip; <\/p>\n","protected":false},"author":3,"featured_media":1074,"parent":0,"menu_order":0,"comment_status":"closed","ping_status":"closed","template":"","meta":{"spay_email":"","footnotes":""},"class_list":["post-453","page","type-page","status-publish","has-post-thumbnail","hentry"],"yoast_head":"<!-- This site is optimized with the Yoast SEO plugin v16.2 - https:\/\/yoast.com\/wordpress\/plugins\/seo\/ -->\n<title>yoga&amp;ayurveda at home - Yoga&amp;Ayurveda at home<\/title>\n<meta name=\"description\" content=\"yoga und ayurveda - dein lehrer kommt zu dir berlin und potsdam\" \/>\n<meta name=\"robots\" content=\"index, follow, max-snippet:-1, max-image-preview:large, max-video-preview:-1\" \/>\n<link rel=\"canonical\" href=\"https:\/\/yogaathome.de\/\" \/>\n<meta property=\"og:locale\" content=\"de_DE\" \/>\n<meta property=\"og:type\" content=\"article\" \/>\n<meta property=\"og:title\" content=\"yoga&amp;ayurveda at home - Yoga&amp;Ayurveda at home\" \/>\n<meta property=\"og:description\" content=\"yoga und ayurveda - dein lehrer kommt zu dir berlin und potsdam\" \/>\n<meta property=\"og:url\" content=\"https:\/\/yogaathome.de\/\" \/>\n<meta property=\"og:site_name\" content=\"Yoga&amp;Ayurveda at home\" \/>\n<meta property=\"article:modified_time\" content=\"2025-05-06T15:37:27+00:00\" \/>\n<meta property=\"og:image\" content=\"https:\/\/yogaathome.de\/wp-content\/uploads\/2021\/04\/cropped-Siegerpose.jpeg\" \/>\n\t<meta property=\"og:image:width\" content=\"1920\" \/>\n\t<meta property=\"og:image:height\" content=\"780\" \/>\n<meta name=\"twitter:card\" content=\"summary_large_image\" \/>\n<meta name=\"twitter:label1\" content=\"Gesch\u00e4tzte Lesezeit\">\n\t<meta name=\"twitter:data1\" content=\"2\u00a0Minuten\">\n<script type=\"application\/ld+json\" class=\"yoast-schema-graph\">{\"@context\":\"https:\/\/schema.org\",\"@graph\":[{\"@type\":[\"Person\",\"Organization\"],\"@id\":\"https:\/\/yogaathome.de\/#\/schema\/person\/93e9d44543f437ebaa14e452b3ebdd42\",\"name\":\"Christine D\\u00f6ring\",\"image\":{\"@type\":\"ImageObject\",\"@id\":\"https:\/\/yogaathome.de\/#personlogo\",\"inLanguage\":\"de\",\"url\":\"https:\/\/secure.gravatar.com\/avatar\/df9a7055b587ff664cfcbf704df54aecd57224670dbf2f6c26ba45a089bb4a7c?s=96&d=mm&r=g\",\"contentUrl\":\"https:\/\/secure.gravatar.com\/avatar\/df9a7055b587ff664cfcbf704df54aecd57224670dbf2f6c26ba45a089bb4a7c?s=96&d=mm&r=g\",\"caption\":\"Christine D\\u00f6ring\"},\"logo\":{\"@id\":\"https:\/\/yogaathome.de\/#personlogo\"}},{\"@type\":\"WebSite\",\"@id\":\"https:\/\/yogaathome.de\/#website\",\"url\":\"https:\/\/yogaathome.de\/\",\"name\":\"Yoga&amp;Ayurveda at home\",\"description\":\"Deine Lehrerin kommt zu Dir \",\"publisher\":{\"@id\":\"https:\/\/yogaathome.de\/#\/schema\/person\/93e9d44543f437ebaa14e452b3ebdd42\"},\"potentialAction\":[{\"@type\":\"SearchAction\",\"target\":\"https:\/\/yogaathome.de\/?s={search_term_string}\",\"query-input\":\"required name=search_term_string\"}],\"inLanguage\":\"de\"},{\"@type\":\"ImageObject\",\"@id\":\"https:\/\/yogaathome.de\/#primaryimage\",\"inLanguage\":\"de\",\"url\":\"https:\/\/yogaathome.de\/wp-content\/uploads\/2021\/04\/cropped-Siegerpose.jpeg\",\"contentUrl\":\"https:\/\/yogaathome.de\/wp-content\/uploads\/2021\/04\/cropped-Siegerpose.jpeg\",\"width\":1920,\"height\":780},{\"@type\":\"WebPage\",\"@id\":\"https:\/\/yogaathome.de\/#webpage\",\"url\":\"https:\/\/yogaathome.de\/\",\"name\":\"yoga&ayurveda at home - Yoga&amp;Ayurveda at home\",\"isPartOf\":{\"@id\":\"https:\/\/yogaathome.de\/#website\"},\"primaryImageOfPage\":{\"@id\":\"https:\/\/yogaathome.de\/#primaryimage\"},\"datePublished\":\"2017-10-22T16:47:10+00:00\",\"dateModified\":\"2025-05-06T15:37:27+00:00\",\"description\":\"yoga und ayurveda - dein lehrer kommt zu dir berlin und potsdam\",\"breadcrumb\":{\"@id\":\"https:\/\/yogaathome.de\/#breadcrumb\"},\"inLanguage\":\"de\",\"potentialAction\":[{\"@type\":\"ReadAction\",\"target\":[\"https:\/\/yogaathome.de\/\"]}]},{\"@type\":\"BreadcrumbList\",\"@id\":\"https:\/\/yogaathome.de\/#breadcrumb\",\"itemListElement\":[{\"@type\":\"ListItem\",\"position\":1,\"item\":{\"@type\":\"WebPage\",\"@id\":\"https:\/\/yogaathome.de\/\",\"url\":\"https:\/\/yogaathome.de\/\",\"name\":\"Startseite\"}},{\"@type\":\"ListItem\",\"position\":2,\"item\":{\"@id\":\"https:\/\/yogaathome.de\/#webpage\"}}]}]}<\/script>\n<!-- \/ Yoast SEO plugin. -->","_links":{"self":[{"href":"https:\/\/yogaathome.de\/index.php?rest_route=\/wp\/v2\/pages\/453","targetHints":{"allow":["GET"]}}],"collection":[{"href":"https:\/\/yogaathome.de\/index.php?rest_route=\/wp\/v2\/pages"}],"about":[{"href":"https:\/\/yogaathome.de\/index.php?rest_route=\/wp\/v2\/types\/page"}],"author":[{"embeddable":true,"href":"https:\/\/yogaathome.de\/index.php?rest_route=\/wp\/v2\/users\/3"}],"replies":[{"embeddable":true,"href":"https:\/\/yogaathome.de\/index.php?rest_route=%2Fwp%2Fv2%2Fcomments&post=453"}],"version-history":[{"count":131,"href":"https:\/\/yogaathome.de\/index.php?rest_route=\/wp\/v2\/pages\/453\/revisions"}],"predecessor-version":[{"id":1136,"href":"https:\/\/yogaathome.de\/index.php?rest_route=\/wp\/v2\/pages\/453\/revisions\/1136"}],"wp:featuredmedia":[{"embeddable":true,"href":"https:\/\/yogaathome.de\/index.php?rest_route=\/wp\/v2\/media\/1074"}],"wp:attachment":[{"href":"https:\/\/yogaathome.de\/index.php?rest_route=%2Fwp%2Fv2%2Fmedia&parent=453"}],"curies":[{"name":"wp","href":"https:\/\/api.w.org\/{rel}","templated":true}]}}